se -96 = r + r. Let p = -292 - -355. Let y = p + r. Calculate the greatest common divisor of y and 15.
15
Let n(q) = -27*q**2 + 63*q**2 - 18*q**2 - 19*q**2 - 58 + 18*q. Let j be n(9). What is the highest common divisor of j and 23?
23
Suppose 0 = 19*r - 120 - 70. Calculate the highest common divisor of 102 and r.
2
Suppose 163*v + 13386 = 5*n + 165*v, 0 = 3*v + 6. Calculate the greatest common divisor of n and 26.
26
Suppose 0 = 40*n - 44*n - 2*b + 158, b = -4*n + 163. Calculate the highest common factor of 2541 and n.
21
Let b(v) = 38*v + 505. Let a be b(-13). Calculate the greatest common divisor of a and 1.
1
Let m be (-2)/(-2) - 5 - (-10)/(-1). Let k = 4 - m. Calculate the highest common factor of k and 27.
9
Let h be (-12)/(-16) + (9/(-4))/(-9). Let a be 12 - (5 + h) - 0. Calculate the highest common factor of a and 216.
6
Suppose -4*w + 22 = -2*y, w - 4*y + y + 2 = 0. Suppose -3*b - 672 = -x, w*b - 8 = 5*b. What is the greatest common divisor of 152 and x?
76
Let m(s) = s**3 + 8*s**2 + 7. Let z be m(-8). Let i = -624 + 701. Calculate the highest common factor of z and i.
7
Suppose -2*w = -3*x + 146, 0 = -3*x - 28*w + 23*w + 139. Calculate the highest common factor of 204 and x.
12
Let o(l) = 4*l**2 + 97*l - 704. Let s be o(6). What is the greatest common factor of 40 and s?
2
Let t = -13074 - -13410. Calculate the highest common divisor of t and 1500.
12
Let d = 86 - 70. Suppose d = 4*r - 64. Suppose 4*i = -4*k + r, -2*k = -6*k - 16. What is the highest common factor of 27 and i?
9
Let n be (-52)/(-247) - (-131388)/76. Calculate the greatest common factor of 1456 and n.
91
Suppose 2*b - 30 = -b. Suppose -18*k + c - 5 = -22*k, 0 = -2*k + 3*c + 13. Calculate the greatest common divisor of k and b.
2
Let t(s) = -19*s + 6. Let d be t(-2). Suppose 4 = h - 3*b, -2*h + 2*b = h - 12. Calculate the greatest common factor of h and d.
4
Suppose -96 = -5*v - 2*k, 4*v + 4*k = 5*k + 82. Let c = -32 + v. Let r be (2 - -5)/(-1)*(4 + c). What is the greatest common factor of 84 and r?
28
Suppose -3*m = -13 + 139. Let h = 23 - m. Suppose 4*d = -10*f + 12*f + 110, 4*f = d - 38. Calculate the greatest common factor of d and h.
13
Let p(x) = 49*x - 705. Let t be p(15). Calculate the greatest common factor of 108 and t.
6
Let f = -8 - -14. Suppose 15 = -f*c + 21. Suppose -c = -3*x + 44. Calculate the highest common divisor of x and 105.
15
Let n = 4 - 4. Suppose n = -2*x + 34 - 14. Let p be 42/5 + (-4)/x. What is the highest common factor of 56 and p?
8
Let w = -416 - -424. Let u be (5/10)/(1/(24*-2)). Let r = u + 80. Calculate the highest common factor of w and r.
8
Suppose -112*h - 5528 = -176153 - 83839. What is the greatest common factor of 710 and h?
142
Let a = 27 + -22. Suppose 0 = -0*h + 2*h + 26. Let w(g) = g**3 + 14*g**2 + 10*g - 14. Let d be w(h). Calculate the highest common divisor of d and a.
5
Let f = -34 - -32. Let d be f + (57 - 2) + 3. Calculate the greatest common factor of 21 and d.
7
Let g(o) = -2*o**3 - 5*o**2 - o - 2. Let q be g(-4). Let p = -73621 + 73671. What is the highest common divisor of q and p?
50
Suppose -3*w + 124 + 371 = 0. Let r be (-432)/252*399/2. Let c = -309 - r. Calculate the highest common factor of w and c.
33
Let n = -231 + 317. Suppose -5*g = -4*j + 699, -2*g - 88 - n = -j. What is the highest common factor of 11 and j?
11
Let n(l) = -l**2 - 5*l + 6. Let y be n(-10). Let x = 28 - y. Let r = -42 + x. Calculate the greatest common factor of 20 and r.
10
Let d be 1/(-1) - (12 + -11). Let b be ((-2)/4)/(3/(-64 + d)). Let f(x) = 2*x - 13. Let o be f(b). Calculate the greatest common divisor of 36 and o.
9
Let t(s) = s**2 - 33*s + 204. Let x be t(25). Let g(f) = -f**3 + 10*f**2 - 9*f + 3. Let d be g(9). Calculate the highest common factor of x and d.
1
Suppose l - 291 = u, -150 = l + 5*u - 417. Suppose -70*f = 800 - 911 - 2759. What is the greatest common factor of l and f?
41
Suppose -52 + 12 = -8*q. Suppose -x - 284 = -5*x + q*h, -2*x + 164 = 3*h. Let d = -73 + x. What is the greatest common divisor of 27 and d?
3
Let p be (14/(-21))/((-4)/(-6)). Let u be (-12 + 13)/((-480)/(-478) + p). Suppose -u + 1103 = 8*l. What is the greatest common divisor of l and 4?
4
Suppose 1448*j - 1456*j = -136. Let s(o) be the first derivative of 59*o**2/2 + o + 5. Let y be s(2). Calculate the highest common divisor of y and j.
17
Let a = 38 + -19. Let f = a - 13. Suppose -d + f = 2*q - 6, -5*q = 0. Calculate the greatest common factor of d and 12.
12
Suppose -5*s - 4*s + s = 0. Suppose -460 = a - 4*a + q, s = 4*a - 4*q - 616. What is the greatest common divisor of a and 81?
9
Suppose 0 = -270*p + 3351264 + 950376. Calculate the greatest common divisor of p and 28.
28
Suppose 6*k + 7 - 7 = 0. Suppose -2*v + k*v + 16 = 0. Let a be (1 - 4) + (24 - 19). Calculate the highest common factor of a and v.
2
Suppose -14*b = -0*b - 21504. Let n be (b/10)/(-8)*(-10)/3. Calculate the highest common factor of n and 320.
64
Suppose 0 = 107*w + 46*w + 3662 - 37934. Calculate the greatest common divisor of w and 266.
14
Suppose -4648 = -t - 2*t + 31445. Calculate the greatest common factor of 908 and t.
227
Let v = -2738 - -2762. Let x be (4/2 - 1)/(-1). Let r be ((-48)/1)/(-2 - x). Calculate the greatest common factor of r and v.
24
Suppose 0 = -3*b - z - 47, 2*b + 26 = 34*z - 36*z. Let c(n) = n**3 + 16*n**2 - 17*n + 6. Let d be c(b). Calculate the highest common factor of 150 and d.
6
Let k(i) = -139*i - 21. Let c be k(-4). Suppose 6*l - 59 = c. Suppose -2*n - 11 = -3*n. Calculate the greatest common factor of l and n.
11
Suppose 458 - 237 = 8*s - 539. Calculate the highest common factor of 988 and s.
19
Let r = 28560 - 27436. Calculate the greatest common factor of r and 281.
281
Suppose 50 = -6*v + v. Let m = 3 - v. Suppose 109*g - 105*g = 52. What is the highest common factor of m and g?
13
Suppose -368 = 5*v + 41*v. Let k be (171/36)/19 + (-518)/v. Calculate the greatest common factor of 20 and k.
5
Let i(v) = 8*v**2 + 3*v - 9. Let j be i(-2). Suppose 14*m - 34 = 12*m. Calculate the greatest common factor of m and j.
17
Let d = -167 + 1012. Suppose -10*k = -3735 + d. Calculate the highest common factor of k and 17.
17
Let d(l) = l**3 - 11*l**2 + 3*l - 13. Let z be d(11). Suppose -3*q = 36*f - 37*f + 115, -3*f = -4*q - 320. What is the greatest common factor of f and z?
20
Let m = 7541 + -7429. Suppose -2*u + 12 = t, 3*t - 54 = 6*u - 3*u. Calculate the greatest common divisor of m and t.
16
Let c be ((-8)/(-10))/((-2)/(-25)). Let b be -2 - 348/(-203) - (-72)/7. What is the greatest common divisor of c and b?
10
Let k = 388 + -164. Calculate the greatest common divisor of k and 160.
32
Let c(n) = -2*n**2 - 33*n. Let w be c(5). Let y = 260 + w. Suppose -120 = -2*b - 2*b. What is the highest common factor of b and y?
15
Suppose 35 = -2*i - 3*i. Let n be (i - (-1 - 3)) + -133. Let t be n/(-3 - 1) + 4. Calculate the greatest common divisor of t and 95.
19
Let l be 8 + (1059 - 9*5/45). What is the greatest common divisor of l and 182?
26
Let n(w) = -w**2 - 46*w - 37. Let s be n(18). Let g = s + 2395. What is the highest common factor of 18 and g?
18
Suppose 0 = -4*q + 126 + 22. Let c = q - -8. Calculate the highest common factor of 18 and c.
9
Suppose -73 = 2*h + p, 2*h = -5*p + p - 76. Let g = -33 - h. Suppose g*r - 233 = 145. What is the greatest common divisor of 18 and r?
18
Let o(b) = -3*b**3 - b**2 - 3*b - 5. Let m be ((-22)/(-7) - 1/7) + -5. Let j be o(m). Calculate the greatest common factor of j and 63.
21
Suppose 5*k = -6*k + 110. Suppose 15*r = k*r + 160. What is the highest common divisor of 352 and r?
32
Let j(f) = 2*f**3 + 93*f**2 - 39*f + 493. Let v be j(-47). What is the greatest common factor of 10491 and v?
39
Let c = -2373 + 2967. Calculate the highest common divisor of c and 726.
66
Let n(w) = 14*w**2 - 838*w - 275. Let c be n(63). What is the greatest common divisor of c and 88?
11
Suppose -352 = -46*o - 7*o + 1132. Suppose 2*u - 3 = u, 7 = 2*x - 3*u. What is the greatest common divisor of o and x?
4
Suppose -5*m = 5*u - 25850, 145*u - 140*u - 25864 = -3*m. Calculate the greatest common divisor of u and 668.
167
Let a be 11*(-1)/(-4) - (-12)/48. Let m(o) = -2*o + 3. Let r = 26 - 26. Let q be m(r). Calculate the greatest common fa